1).
10
Let a(x) = 9*x**2 - 20*x + 83. Calculate a(6).
287
Let u(f) = 10*f**2 - 749*f + 29. Determine u(75).
104
Let c(k) = -7*k**2 + 5146*k - 5144. Determine c(1).
-5
Let s(x) = -x**3 - 34*x**2 - 202*x - 423. Determine s(-28).
529
Let l(j) = -8*j**3 + 1626*j**2 + 1218*j + 1079. Give l(204).
-145
Let u(i) = 3*i**2 + 601*i - 151690. What is u(146)?
4
Let t(q) = q**3 - 64*q**2 + 266*q - 116. Determine t(60).
1444
Let m(u) = 318*u - 52860. What is m(164)?
-708
Let q(u) = -13*u**3 - 636*u**2 + 58*u + 32. What is q(-49)?
-409
Let o(f) = -5*f**2 + 1281*f + 50625. Determine o(291).
-9
Let o(j) = 5*j**2 + 10*j - 7359. Determine o(-41).
636
Let l(r) = 3*r**3 - 37*r**2 - 217*r - 18. Determine l(-7).
-1341
Let l(t) = -376752*t - 1507024. Determine l(-4).
-16
Let q(d) = -2*d**3 - 41*d**2 - 20*d - 225. Give q(-15).
-2400
Let j(o) = -41*o**3 - 547*o**2 - 638*o + 238. What is j(-12)?
-26
Let l(q) = -56*q**2 - 194*q + 11353. What is l(-16)?
121
Let u(s) = -s**3 + 28*s**2 - 78*s - 75. What is u(25)?
-150
Let u(h) = -h**2 + 7808*h - 272063. Calculate u(35).
-8
Let n(y) = -62*y - 7292. Give n(-86).
-1960
Let d(z) = z**2 + 116*z - 12033. What is d(66)?
-21
Let z(l) = -1481*l - 12813. Determine z(-9).
516
Let r(a) = -44*a**2 - 34*a + 114. Give r(6).
-1674
Let s(c) = -c**3 - 75*c**2 - 222*c - 111. What is s(-72)?
321
Let k(d) = -d**3 - 278*d**2 - 6556*d - 1028. What is k(-252)?
-20
Let y(u) = 24735*u + 420529. Give y(-17).
34
Let i(p) = -6*p**2 + 205*p + 904. What is i(37)?
275
Let q(m) = -197*m**2 - 18964*m - 4987. What is q(-96)?
5
Let z(a) = a**2 - 1829*a + 16384. Calculate z(9).
4
Let s(o) = -2039*o + 14486. What is s(7)?
213
Let c(r) = -2*r**2 + 181*r - 172. What is c(89)?
95
Let b(k) = 2109*k + 232322. Determine b(-110).
332
Let z(m) = m**2 + 144*m - 35003. Give z(129).
214
Let z(f) = -1117*f - 9103. What is z(-8)?
-167
Let p(u) = u**3 - 110*u**2 - 87*u - 1318. Give p(111).
1346
Let l(k) = 213*k**2 - 143983*k - 3386. Determine l(676).
-6
Let b(q) = 2*q**2 - 90*q - 4068. Determine b(76).
644
Let x(w) = 4293*w**2 + 133098*w - 1. Give x(-31).
-466
Let a(o) = 2*o**2 + 37020*o - 2638503. Calculate a(71).
-1
Let u(s) = s**2 + 3174*s - 148105. Give u(46).
15
Let u(k) = 7*k**3 + 8*k**2 - 129*k - 854. Calculate u(-7).
-1960
Let o(v) = 500*v + 79629. What is o(-159)?
129
Let o(z) = -z**3 + 126*z**2 + 370*z - 61873. What is o(125)?
2
Let l(t) = t**3 + 944*t**2 + 27431*t + 10063. Determine l(-914).
9
Let x(v) = -43*v**2 - 1189*v - 991. Determine x(-27).
-235
Let u(b) = -22*b**2 + 13*b + 521. Determine u(5).
36
Let g(l) = 8*l**3 - 161*l**2 - 1764*l + 82. What is g(-8)?
-206
Let s(c) = -c**3 - 405*c**2 + 5426*c - 3333. Give s(-418).
11
Let u(h) = 920*h - 37241. Calculate u(40).
-441
Let o(u) = 106*u**3 - 17174*u**2 + 325*u - 172. Calculate o(162).
-10
Let q(y) = y**3 - 72*y**2 - 48*y + 3270. Give q(72).
-186
Let r(m) = 993*m - 5381. What is r(5)?
-416
Let j(k) = -4*k**2 + 379*k + 2767. Calculate j(-7).
-82
Let n(z) = -z**3 - 25*z**2 + 1235*z - 1162. What is n(24)?
254
Let a(j) = 90*j - 11446. Calculate a(120).
-646
Let p(m) = -2*m**3 - m**2 - 74*m - 592. What is p(-5)?
3
Let d(g) = 9*g**3 - 403*g**2 + 897*g + 6427. What is d(42)?
1
Let x(i) = 22586*i + 2326349. Calculate x(-103).
-9
Let m(z) = 495*z - 54127. Calculate m(105).
-2152
Let k(s) = -14*s**3 - 41*s**2 + 797*s + 834. Determine k(-1).
10
Let c(j) = 2*j**2 - 3210*j + 28742. Calculate c(9).
14
Let i(o) = -17288*o + 432223. Determine i(25).
23
Let p(m) = m**3 - 18*m**2 - 20*m - 166. Give p(16).
-998
Let k(l) = 582*l**2 - 45990*l + 932. What is k(79)?
-16
Let c(m) = 99*m - 35338. Determine c(357).
5
Let n(q) = -382*q**2 + 9940*q - 260. What is n(26)?
-52
Let w(g) = 87292*g + 173683. Calculate w(-2).
-901
Let k(m) = -1317*m**2 + 27748*m + 18. Calculate k(21).
1929
Let x(r) = 1183*r - 45789. Determine x(39).
348
Let r(y) = -308*y + 4706. Calculate r(21).
-1762
Let o(y) = 71236*y - 641122. What is o(9)?
2
Let z(f) = 367*f - 15901. What is z(42)?
-487
Let m(w) = w**3 + 211*w**2 + 618*w - 1231. Determine m(-208).
17
Let f(b) = 216*b**3 + 12*b**2 + 80*b - 192. What is f(2)?
1744
Let s(h) = 157*h + 17608. Determine s(-114).
-290
Let p(r) = -2*r**3 - 150*r**2 + 34999*r - 200. Calculate p(-175).
-25
Let i(s) = 1314*s - 141. What is i(3)?
3801
Let x(j) = -8*j**2 - 277*j - 1154. Determine x(-17).
1243
Let d(o) = -5*o**2 + 2813*o - 73823. Determine d(535).
7
Let j(i) = 2*i**2 + 149*i + 1617. What is j(-68)?
733
Let r(b) = -b**3 + 61*b**2 - 84*b - 356. Determine r(60).
-1796
Let m(s) = -2*s**3 + 5*s**2 + 504*s + 2287. Give m(-11).
10
Let i(u) = 443*u + 59410. What is i(-125)?
4035
Let h(w) = -w**2 - 1065*w - 13661. Determine h(-13).
15
Let u(r) = 43*r**2 + 105*r + 110. Give u(-1).
48
Let p(s) = -s**3 - 51*s**2 - 8463*s - 420621. Give p(-50).
29
Let p(a) = -177*a**2 - 1430*a + 155. Calculate p(-8).
267
Let f(c) = 24*c**2 - 22657*c + 22661. Give f(1).
28
Let j(m) = m**3 + 13*m**2 + 4*m - 9. Give j(-13).
-61
Let a(l) = l**3 + 38*l**2 + 723*l + 19965. Calculate a(-34).
7
Let x(c) = c**3 + 20*c**2 + 110*c + 204. Calculate x(-13).
-43
Let c(s) = 16274*s - 32543. Give c(2).
5
Let g(y) = -60*y**2 - 9272*y + 4352. Determine g(-155).
12
Let d(k) = -k**3 + 82*k**2 + 157*k + 928. Give d(84).
4
Let v(w) = 9329*w - 121267. Calculate v(13).
10
Let t(c) = 53*c**2 + 306*c + 42. What is t(-6)?
114
Let b(a) = 2*a**3 + 80*a**2 - 405*a - 16198. Give b(-40).
2
Let z(a) = 100*a - 15346. Calculate z(153).
-46
Let z(f) = 75*f**3 + 8*f**2 + 35*f - 40. What is z(1)?
78
Let q(w) = 401*w + 176534. What is q(-440)?
94
Let k(n) = 908*n - 4. Give k(-2).
-1820
Let h(s) = -3*s**3 + 27*s**2 - 72*s + 34. Calculate h(3).
-20
Let p(z) = -608*z - 82287. Determine p(-135).
-207
Let o(h) = 14*h**3 - 24*h**2 - 88*h - 24. What is o(-3)?
-354
Let h(y) = 108*y - 5182. Determine h(43).
-538
Let n(l) = -2329*l - 32661. Determine n(-15).
2274
Let w(f) = -f**2 + 11*f + 9165. Determine w(129).
-6057
Let b(j) = -29*j**2 + 266*j + 524. Determine b(11).
-59
Let y(v) = -v**3 - 846*v**2 + 12034*v + 91. Calculate y(14).
7
Let k(z) = -z**3 + 28*z**2 - 18*z + 85. Calculate k(27).
328
Let z(j) = 18*j**3 - 15*j**2 + 2*j + 217. Calculate z(4).
1137
Let m(j) = -11*j**2 - 1960*j + 1618. What is m(-179)?
7
Let b(k) = 2*k**3 - 1571*k**2 + 1359*k - 450589. Give b(785).
1
Let r(l) = -1251*l + 608. Determine r(1).
-643
Let p(t) = 533*t + 43719. Calculate p(-82).
13
Let s(b) = 456*b + 89260. Give s(-202).
-2852
Let u(q) = q**3 - 35*q**2 + 53*q - 243. Determine u(32).
-1619
Let v(n) = -n**3 + 111*n**2 + 649*n - 7416. Determine v(116).
588
Let d(l) = 1474*l + 200490. Give d(-136).
26
Let k(t) = -3103*t**3 - 22*t + 22. Determine k(1).
-3103
Let h(k) = 18*k**2 - 24*k - 81. What is h(3)?
9
Let l(h) = 142158*h + 3. Calculate l(0).
3
Let x(a) = 26*a**2 + 2082*a + 905. Give x(-79).
-1307
Let y(f) = 4*f**2 - 1093*f - 10171. What is y(-9)?
-10
Let a(k) = -k**3 + 38*k**2 - 387*k + 35. Determine a(15).
-595
Let x(p) = -2*p**3 + 21*p**2 + 285*p - 2957. Give x(10).
-7
Let i(y) = -91*y**2 + 490*y - 169. What is i(5)?
6
Let q(g) = 77*g**2 - 688*g + 216. Calculate q(9).
261
Let x(m) = 612*m - 5608. Determine x(10).
512
Let p(n) = n**3 + 14*n**2 - 4044*n - 214. What is p(57)?
-43
Let t(l) = l**3 + 56*l**2 - 458*l - 1200. Determine t(-63).
-129
Let u(k) = -k**2 + 228*k + 267925. Give u(644).
21
Let n(u) = -193*u**2 - 9643*u + 453. Give n(-50).
103
Let a(z) = -1061*z + 547224. Determine a(516).
-252
Let w(z) = 28729*z + 10802079. Calculate w(-376).
-25
Let i(u) = 20204*u - 464702. What is i(23)?
-10
Let u(g) = -5875*g + 134751. Give u(23).
-374
Let r(u) = 164893*u - 2968045. What is r(18)?
29
Let a(x) = -x**3 - 6*x**2 - 68*x - 287. Give a(-6).
121
Let q(j) = -j**3 + 158*j**2 + 720*j - 63994. Determine q(160).
6
Let y(t) = 68939*t - 827210. Calculate y(12).
58
Let s(m) = -m**2 - 555*m - 9389. What is s(-18)?
277
Let s(u) = u**2 - 4104*u - 90774. Calculate s(-22).
-2
Let z(q) = 81*q**2 - 420*q + 87. Determine z(5).
12
Let r(m) = 3*m**3 - 333*m**2 - 1026*m. Give r(-3).
0
Let o(t) = -16*t**2 + 13067*t - 64942. Determine o(5).
-7
Let a(d) = -7*d**2 - 8718*d - 34768. Determine a(-4).
-8
Let r(w) = -1983*w + 91199. Give r(46).
-19
Let p(s) = -2*s**3 - 103*s**2 + 1325*s + 1471. Determine p(-62).
45
Let n(y) = -247*y + 1308